of 247829?
7
What is the tens digit of 3847393?
9
What is the hundred thousands digit of 581706?
5
What is the hundreds digit of 2074121?
1
What is the tens digit of 174370?
7
What is the ten thousands digit of 7208589?
0
What is the ten thousands digit of 5061406?
6
What is the units digit of 44887950?
0
What is the millions digit of 1738300?
1
What is the units digit of 10153218?
8
What is the units digit of 1096292?
2
What is the hundreds digit of 147401?
4
What is the ten thousands digit of 21878004?
7
What is the millions digit of 21050614?
1
What is the hundred thousands digit of 311048?
3
What is the hundreds digit of 8167895?
8
What is the tens digit of 526875?
7
What is the hundred thousands digit of 6503159?
5
What is the ten thousands digit of 1060811?
6
What is the thousands digit of 286462?
6
What is the hundred thousands digit of 338787?
3
What is the hundred thousands digit of 649730?
6
What is the tens digit of 555225?
2
What is the hundreds digit of 523493?
4
What is the millions digit of 31957523?
1
What is the millions digit of 14572250?
4
What is the hundred thousands digit of 1952395?
9
What is the tens digit of 688301?
0
What is the ten thousands digit of 143334?
4
What is the thousands digit of 657198?
7
What is the hundred thousands digit of 810551?
8
What is the ten thousands digit of 61723?
6
What is the units digit of 17082101?
1
What is the tens digit of 530566?
6
What is the tens digit of 1551884?
8
What is the units digit of 784944?
4
What is the hundred thousands digit of 313765?
3
What is the units digit of 239342?
2
What is the ten thousands digit of 311885?
1
What is the millions digit of 4904970?
4
What is the hundreds digit of 8711300?
3
What is the ten thousands digit of 703279?
0
What is the hundreds digit of 804366?
3
What is the units digit of 114299?
9
What is the units digit of 193443?
3
What is the thousands digit of 239160?
9
What is the hundred thousands digit of 1555658?
5
What is the ten thousands digit of 3466704?
6
What is the tens digit of 2365909?
0
What is the tens digit of 14435355?
5
What is the tens digit of 204756?
5
What is the ten millions digit of 17824029?
1
What is the units digit of 3892488?
8
What is the thousands digit of 24453548?
3
What is the millions digit of 9202353?
9
What is the ten thousands digit of 4618050?
1
What is the hundreds digit of 1855869?
8
What is the ten thousands digit of 360244?
6
What is the ten thousands digit of 4680546?
8
What is the hundred thousands digit of 757189?
7
What is the millions digit of 1127739?
1
What is the millions digit of 21968346?
1
What is the thousands digit of 30087402?
7
What is the hundred thousands digit of 6630933?
6
What is the ten thousands digit of 501068?
0
What is the units digit of 32365932?
2
What is the units digit of 156357?
7
What is the hundred thousands digit of 1088945?
0
What is the tens digit of 282440?
4
What is the hundreds digit of 13398042?
0
What is the thousands digit of 483683?
3
What is the hundred thousands digit of 2349533?
3
What is the hundreds digit of 10017574?
5
What is the hundred thousands digit of 238928?
2
What is the ten thousands digit of 464206?
6
What is the ten thousands digit of 25730140?
3
What is the units digit of 3873383?
3
What is the units digit of 10189967?
7
What is the ten thousands digit of 723409?
2
What is the thousands digit of 27995?
7
What is the thousands digit of 38624?
8
What is the thousands digit of 1952864?
2
What is the hundred thousands digit of 846261?
8
What is the hundreds digit of 191173?
1
What is the tens digit of 3647441?
4
What is the hundreds digit of 24808318?
3
What is the hundred thousands digit of 206299?
2
What is the tens digit of 5494954?
5
What is the units digit of 991631?
1
What is the ten thousands digit of 1589822?
8
What is the hundred thousands digit of 809817?
8
What is the millions digit of 4132261?
4
What is the units digit of 3854704?
4
What is the hundreds digit of 195834?
8
What is the tens digit of 102722?
2
What is the tens digit of 4681183?
8
What is the millions digit of 13211179?
3
What is the hundred thousands digit of 670488?
6
What is the tens digit of 587674?
7
What is the thousands digit of 238339?
8
What is the ten thousands digit of 52161?
5
What is the hundreds digit of 13591818?
8
What is the hundred thousands digit of 1056303?
0
What is the tens digit of 5894954?
5
What is the tens digit of 111305?
0
What is the units digit of 940044?
4
What is the thousands digit of 472609?
2
What is the hundreds digit of 2332400?
4
What is the units digit of 3677727?
7
What is the units digit of 5113341?
1
What is the tens digit of 1641194?
9
What is the thousands digit of 395502?
5
What is the hundred thousands digit of 4341997?
3
What is the units digit of 34652?
2
What is the thousands digit of 12773641?
3
What is the ten thousands digit of 26665387?
6
What is the hundred thousands digit of 592801?
5
What is the units digit of 348713?
3
What is the hundred thousands digit of 5594021?
5
What is the thousands digit of 4087836?
7
What is the tens digit of 7019238?
3
What is the hundreds digit of 608091?
0
What is the thousands digit of 10914048?
4
What is the ten thousands digit of 1494888?
9
What is the units digit of 3388590?
0
What is the thousands digit of 3011385?
1
What is the tens digit of 13506950?
5
What is the ten thousands digit of 856080?
5
What is the ten millions digit of 16991044?
1
What is the millions digit of 20019042?
0
What is the units digit of 273866?
6
What is the units digit of 3641230?
0
What is the units digit of 427551?
1
What is the tens digit of 268790?
9
What is the thousands digit of 24810924?
0
What is the units digit of 761127?
7
What is the ten thousands digit of 309953?
0
What is the millions digit of 1165272?
1
What is the ten millions digit of 28101113?
2
What is the hundreds digit of 3419610?
6
What is the units digit of 892903?
3
What is the hundreds digit of 5031287?
2
What is the ten thousands digit of 4168475?
6
What is the tens digit of 5061855?
5
What is the hundred thousands digit of 9925761?
9
What is the tens digit of 1907705?
0
What is the millions digit of 4948206?
4
What is the hundreds digit of 12248264?
2
What is the hundred thousands digit of 188700?
1
What is the millions digit of 16118105?
6
What is the units digit of 17202901?
1
What is the units digit of 80619?
9
What is the hundreds digit of 345582?
5
What is the hundreds digit of 10321669?
6
What is the tens digit of 385918?
1
What is the thousands digit of 1521576?
1
What is the thousands digit of 57624?
7
What is the millions digit of 2595439?
2
What is the tens digit of 18851413?
1
What is the hundreds digit of 72366?
3
What is the ten thousands digit of 3639458?
3
What is the hundred thousands digit of 220753?
2
What is the thousands digit of 190057?
0
What is the units digit of 1979716?
6
What is the thousands digit of 2018818?
8
What is the hundreds digit of 6573555?
5
What is the hundreds digit of 397832?
8
What is the hundred thousands digit of 13132473?
1
What is the units digit of 137490?
0
What is the hundreds digit of 626647?
6
What is the units digit of 310601?
1
What is the units digit of 78863?
3
What is the hundreds digit of 925533?
5
What is the thousands digit of 1744531?
4
What is the units digit of 358312?
2
What is the tens digit of 1250376?
7
What is the millions digit of 1580106?
1
What is the tens digit of 1778201?
0
What is the ten thousands digit of 3922027?
2
What is the thousands digit of 2345266?
5
What is the thousands digit of 6722272?
2
What is the hundreds digit of 12098483?
4
What is the ten millions digit of 12167550?
1
What is the ten thousands digit of 127475?
2
What is the hundred thousands digit of 1416054?
4
What is the hundred thousands digit of 3018414?
0
What is the thousands digit of 106943?
6
What is the ten thousands digit of 13634717?
3
What is the thousands digit of 78970?
8
What is the units digit of 248785?
5
What is the hundreds digit of 777242?
2
What is the millions digit of 9463159?
9
What is the thousands digit of 2771586?
1
What is the hundred thousands digit of 229296?
2
What is the tens digit of 654867?
6
What is the ten thousands digit of 1227925?
2
What is the tens d